{"id":2632,"date":"2023-01-06T16:03:23","date_gmt":"2023-01-06T16:03:23","guid":{"rendered":"https:\/\/ninaundraphael.ch\/?page_id=2632"},"modified":"2025-07-03T15:38:59","modified_gmt":"2025-07-03T15:38:59","slug":"impressum","status":"publish","type":"page","link":"https:\/\/ninaundraphael.ch\/?page_id=2632","title":{"rendered":"Impressum"},"content":{"rendered":"\n<p><strong><em>Kontakt<\/em><\/strong><\/p>\n\n\n\n<p>ninaundraphael<br>3653 Oberhofen am Thunersee<br>Schweiz<\/p>\n\n\n\n<p>E-Mail:<br>info@ninaundraphael.ch<\/p>\n\n\n\n<p><em>Diese Website dient rein privaten und nicht-kommerziellen Zwecken.<\/em><\/p>\n\n\n\n<p><strong><em>Haftungsausschluss<\/em><\/strong><\/p>\n\n\n\n<p>Der Autor \u00fcbernimmt keinerlei Gew\u00e4hr hinsichtlich der inhaltlichen Richtigkeit, Genauigkeit, Aktualit\u00e4t, Zuverl\u00e4ssigkeit und Vollst\u00e4ndigkeit der Informationen.<\/p>\n\n\n\n<p>Haftungsanspr\u00fcche gegen den Autor wegen Sch\u00e4den materieller oder immaterieller Art, welche aus dem Zugriff oder der Nutzung bzw. Nichtnutzung der ver\u00f6ffentlichten Informationen, durch Missbrauch der Verbindung oder durch technische St\u00f6rungen entstanden sind, werden ausgeschlossen.<\/p>\n\n\n\n<p>Alle Angebote sind unverbindlich. Der Autor beh\u00e4lt es sich ausdr\u00fccklich vor, Teile der Seiten oder das gesamte Angebot ohne besondere Ank\u00fcndigung zu ver\u00e4ndern, zu erg\u00e4nzen, zu l\u00f6schen oder die Ver\u00f6ffentlichung zeitweise oder endg\u00fcltig einzustellen.<\/p>\n\n\n\n<p><strong><em>Haftungsausschluss f\u00fcr Links<\/em><\/strong><\/p>\n\n\n\n<p>Verweise und Links auf Webseiten Dritter liegen ausserhalb unseres Verantwortungsbereichs. Es wird jegliche Verantwortung f\u00fcr solche Webseiten abgelehnt. Der Zugriff und die Nutzung solcher Webseiten erfolgen auf eigene Gefahr des jeweiligen Nutzers.<\/p>\n\n\n\n<p><strong><em>Urheberrechte<\/em><\/strong><\/p>\n\n\n\n<p>Die Urheber- und alle anderen Rechte an Inhalten, Bildern, Fotos oder anderen Dateien auf dieser Website, geh\u00f6ren ausschliesslich&nbsp;<strong>der juristischen Person ninaundraphael<\/strong>&nbsp;oder den speziell genannten Rechteinhabern. F\u00fcr die Reproduktion jeglicher Elemente ist die schriftliche Zustimmung des Urheberrechtstr\u00e4gers im Voraus einzuholen.<\/p>\n","protected":false},"excerpt":{"rendered":"<p>Kontakt ninaundraphael3653 Oberhofen am ThunerseeSchweiz E-Mail:info@ninaundraphael.ch Diese Website dient rein privaten und nicht-kommerziellen Zwecken. Haftungsausschluss Der Autor \u00fcbernimmt keinerlei Gew\u00e4hr hinsichtlich der inhaltlichen Richtigkeit, Genauigkeit, Aktualit\u00e4t, Zuverl\u00e4ssigkeit und Vollst\u00e4ndigkeit der Informationen. Haftungsanspr\u00fcche gegen den Autor wegen Sch\u00e4den materieller oder immaterieller Art, welche aus dem Zugriff oder der Nutzung bzw. Nichtnutzung der ver\u00f6ffentlichten Informationen, durch Missbrauch &#8230;<\/p>\n","protected":false},"author":2,"featured_media":0,"parent":0,"menu_order":0,"comment_status":"closed","ping_status":"closed","template":"template-3-no-sidebar.php","meta":{"wprm-recipe-roundup-name":"","wprm-recipe-roundup-description":"","_monsterinsights_skip_tracking":false,"_monsterinsights_sitenote_active":false,"_monsterinsights_sitenote_note":"","_monsterinsights_sitenote_category":0,"tinysalt_hide_before_page_content_ad":"","tinysalt_hide_after_page_content_ad":"","tinysalt_hide_page_header":"","tinysalt_advanced_classname":"","tinysalt_page_featured_media_position":"","tinysalt_single_site_header_source":"","tinysalt_single_custom_site_header":"0","tinysalt_single_custom_sticky_site_header":"0","tinysalt_single_custom_sticky_site_header_style":"sticky-scroll-up","tinysalt_single_site_footer_source":"","tinysalt_single_custom_site_footer":"0","footnotes":""},"class_list":["post-2632","page","type-page","status-publish","hentry"],"yoast_head":"<!-- This site is optimized with the Yoast SEO plugin v27.0 - https:\/\/yoast.com\/product\/yoast-seo-wordpress\/ -->\n<title>Impressum - ninaundraphael<\/title>\n<meta name=\"robots\" content=\"index, follow, max-snippet:-1, max-image-preview:large, max-video-preview:-1\" \/>\n<link rel=\"canonical\" href=\"https:\/\/ninaundraphael.ch\/?page_id=2632\" \/>\n<meta property=\"og:locale\" content=\"de_DE\" \/>\n<meta property=\"og:type\" content=\"article\" \/>\n<meta property=\"og:title\" content=\"Impressum - ninaundraphael\" \/>\n<meta property=\"og:description\" content=\"Kontakt ninaundraphael3653 Oberhofen am ThunerseeSchweiz E-Mail:info@ninaundraphael.ch Diese Website dient rein privaten und nicht-kommerziellen Zwecken. Haftungsausschluss Der Autor \u00fcbernimmt keinerlei Gew\u00e4hr hinsichtlich der inhaltlichen Richtigkeit, Genauigkeit, Aktualit\u00e4t, Zuverl\u00e4ssigkeit und Vollst\u00e4ndigkeit der Informationen. Haftungsanspr\u00fcche gegen den Autor wegen Sch\u00e4den materieller oder immaterieller Art, welche aus dem Zugriff oder der Nutzung bzw. Nichtnutzung der ver\u00f6ffentlichten Informationen, durch Missbrauch ...\" \/>\n<meta property=\"og:url\" content=\"https:\/\/ninaundraphael.ch\/?page_id=2632\" \/>\n<meta property=\"og:site_name\" content=\"ninaundraphael\" \/>\n<meta property=\"article:modified_time\" content=\"2025-07-03T15:38:59+00:00\" \/>\n<meta name=\"twitter:card\" content=\"summary_large_image\" \/>\n<meta name=\"twitter:label1\" content=\"Gesch\u00e4tzte Lesezeit\" \/>\n\t<meta name=\"twitter:data1\" content=\"1\u00a0Minute\" \/>\n<script type=\"application\/ld+json\" class=\"yoast-schema-graph\">{\"@context\":\"https:\/\/schema.org\",\"@graph\":[{\"@type\":\"WebPage\",\"@id\":\"https:\/\/ninaundraphael.ch\/?page_id=2632\",\"url\":\"https:\/\/ninaundraphael.ch\/?page_id=2632\",\"name\":\"Impressum - ninaundraphael\",\"isPartOf\":{\"@id\":\"https:\/\/ninaundraphael.ch\/#website\"},\"datePublished\":\"2023-01-06T16:03:23+00:00\",\"dateModified\":\"2025-07-03T15:38:59+00:00\",\"breadcrumb\":{\"@id\":\"https:\/\/ninaundraphael.ch\/?page_id=2632#breadcrumb\"},\"inLanguage\":\"de\",\"potentialAction\":[{\"@type\":\"ReadAction\",\"target\":[\"https:\/\/ninaundraphael.ch\/?page_id=2632\"]}]},{\"@type\":\"BreadcrumbList\",\"@id\":\"https:\/\/ninaundraphael.ch\/?page_id=2632#breadcrumb\",\"itemListElement\":[{\"@type\":\"ListItem\",\"position\":1,\"name\":\"Home\",\"item\":\"https:\/\/ninaundraphael.ch\/\"},{\"@type\":\"ListItem\",\"position\":2,\"name\":\"Impressum\"}]},{\"@type\":\"WebSite\",\"@id\":\"https:\/\/ninaundraphael.ch\/#website\",\"url\":\"https:\/\/ninaundraphael.ch\/\",\"name\":\"ninaundraphael\",\"description\":\"\",\"publisher\":{\"@id\":\"https:\/\/ninaundraphael.ch\/#organization\"},\"potentialAction\":[{\"@type\":\"SearchAction\",\"target\":{\"@type\":\"EntryPoint\",\"urlTemplate\":\"https:\/\/ninaundraphael.ch\/?s={search_term_string}\"},\"query-input\":{\"@type\":\"PropertyValueSpecification\",\"valueRequired\":true,\"valueName\":\"search_term_string\"}}],\"inLanguage\":\"de\"},{\"@type\":\"Organization\",\"@id\":\"https:\/\/ninaundraphael.ch\/#organization\",\"name\":\"ninaundraphael\",\"url\":\"https:\/\/ninaundraphael.ch\/\",\"logo\":{\"@type\":\"ImageObject\",\"inLanguage\":\"de\",\"@id\":\"https:\/\/ninaundraphael.ch\/#\/schema\/logo\/image\/\",\"url\":\"https:\/\/ninaundraphael.ch\/wp-content\/uploads\/2023\/01\/cropped-cropped-logo_transparent-1.png\",\"contentUrl\":\"https:\/\/ninaundraphael.ch\/wp-content\/uploads\/2023\/01\/cropped-cropped-logo_transparent-1.png\",\"width\":1200,\"height\":400,\"caption\":\"ninaundraphael\"},\"image\":{\"@id\":\"https:\/\/ninaundraphael.ch\/#\/schema\/logo\/image\/\"}}]}<\/script>\n<!-- \/ Yoast SEO plugin. -->","yoast_head_json":{"title":"Impressum - ninaundraphael","robots":{"index":"index","follow":"follow","max-snippet":"max-snippet:-1","max-image-preview":"max-image-preview:large","max-video-preview":"max-video-preview:-1"},"canonical":"https:\/\/ninaundraphael.ch\/?page_id=2632","og_locale":"de_DE","og_type":"article","og_title":"Impressum - ninaundraphael","og_description":"Kontakt ninaundraphael3653 Oberhofen am ThunerseeSchweiz E-Mail:info@ninaundraphael.ch Diese Website dient rein privaten und nicht-kommerziellen Zwecken. Haftungsausschluss Der Autor \u00fcbernimmt keinerlei Gew\u00e4hr hinsichtlich der inhaltlichen Richtigkeit, Genauigkeit, Aktualit\u00e4t, Zuverl\u00e4ssigkeit und Vollst\u00e4ndigkeit der Informationen. Haftungsanspr\u00fcche gegen den Autor wegen Sch\u00e4den materieller oder immaterieller Art, welche aus dem Zugriff oder der Nutzung bzw. Nichtnutzung der ver\u00f6ffentlichten Informationen, durch Missbrauch ...","og_url":"https:\/\/ninaundraphael.ch\/?page_id=2632","og_site_name":"ninaundraphael","article_modified_time":"2025-07-03T15:38:59+00:00","twitter_card":"summary_large_image","twitter_misc":{"Gesch\u00e4tzte Lesezeit":"1\u00a0Minute"},"schema":{"@context":"https:\/\/schema.org","@graph":[{"@type":"WebPage","@id":"https:\/\/ninaundraphael.ch\/?page_id=2632","url":"https:\/\/ninaundraphael.ch\/?page_id=2632","name":"Impressum - ninaundraphael","isPartOf":{"@id":"https:\/\/ninaundraphael.ch\/#website"},"datePublished":"2023-01-06T16:03:23+00:00","dateModified":"2025-07-03T15:38:59+00:00","breadcrumb":{"@id":"https:\/\/ninaundraphael.ch\/?page_id=2632#breadcrumb"},"inLanguage":"de","potentialAction":[{"@type":"ReadAction","target":["https:\/\/ninaundraphael.ch\/?page_id=2632"]}]},{"@type":"BreadcrumbList","@id":"https:\/\/ninaundraphael.ch\/?page_id=2632#breadcrumb","itemListElement":[{"@type":"ListItem","position":1,"name":"Home","item":"https:\/\/ninaundraphael.ch\/"},{"@type":"ListItem","position":2,"name":"Impressum"}]},{"@type":"WebSite","@id":"https:\/\/ninaundraphael.ch\/#website","url":"https:\/\/ninaundraphael.ch\/","name":"ninaundraphael","description":"","publisher":{"@id":"https:\/\/ninaundraphael.ch\/#organization"},"potentialAction":[{"@type":"SearchAction","target":{"@type":"EntryPoint","urlTemplate":"https:\/\/ninaundraphael.ch\/?s={search_term_string}"},"query-input":{"@type":"PropertyValueSpecification","valueRequired":true,"valueName":"search_term_string"}}],"inLanguage":"de"},{"@type":"Organization","@id":"https:\/\/ninaundraphael.ch\/#organization","name":"ninaundraphael","url":"https:\/\/ninaundraphael.ch\/","logo":{"@type":"ImageObject","inLanguage":"de","@id":"https:\/\/ninaundraphael.ch\/#\/schema\/logo\/image\/","url":"https:\/\/ninaundraphael.ch\/wp-content\/uploads\/2023\/01\/cropped-cropped-logo_transparent-1.png","contentUrl":"https:\/\/ninaundraphael.ch\/wp-content\/uploads\/2023\/01\/cropped-cropped-logo_transparent-1.png","width":1200,"height":400,"caption":"ninaundraphael"},"image":{"@id":"https:\/\/ninaundraphael.ch\/#\/schema\/logo\/image\/"}}]}},"_links":{"self":[{"href":"https:\/\/ninaundraphael.ch\/index.php?rest_route=\/wp\/v2\/pages\/2632","targetHints":{"allow":["GET"]}}],"collection":[{"href":"https:\/\/ninaundraphael.ch\/index.php?rest_route=\/wp\/v2\/pages"}],"about":[{"href":"https:\/\/ninaundraphael.ch\/index.php?rest_route=\/wp\/v2\/types\/page"}],"author":[{"embeddable":true,"href":"https:\/\/ninaundraphael.ch\/index.php?rest_route=\/wp\/v2\/users\/2"}],"replies":[{"embeddable":true,"href":"https:\/\/ninaundraphael.ch\/index.php?rest_route=%2Fwp%2Fv2%2Fcomments&post=2632"}],"version-history":[{"count":3,"href":"https:\/\/ninaundraphael.ch\/index.php?rest_route=\/wp\/v2\/pages\/2632\/revisions"}],"predecessor-version":[{"id":2750,"href":"https:\/\/ninaundraphael.ch\/index.php?rest_route=\/wp\/v2\/pages\/2632\/revisions\/2750"}],"wp:attachment":[{"href":"https:\/\/ninaundraphael.ch\/index.php?rest_route=%2Fwp%2Fv2%2Fmedia&parent=2632"}],"curies":[{"name":"wp","href":"https:\/\/api.w.org\/{rel}","templated":true}]}}